{"id":153,"date":"2020-03-19T14:58:11","date_gmt":"2020-03-19T13:58:11","guid":{"rendered":"http:\/\/shop.wendorff.dk\/?post_type=product&#038;p=153"},"modified":"2026-03-20T09:57:26","modified_gmt":"2026-03-20T08:57:26","slug":"guldfaxe-rugbroed","status":"publish","type":"product","link":"https:\/\/shop.wendorff.dk\/index.php\/vare\/guldfaxe-rugbroed\/","title":{"rendered":"Guldfaxe rugbr\u00f8d"},"content":{"rendered":"<p>RUGMEL, vand, halvsigtet RUGMEL, maltekstrakt (vand, BYGMALT, ristet BYGMALT), salt tilsat jod, \u00f8kologisk honning, g\u00e6r, BYGMALTMEL<\/p>\n<p>Energi 797 KJ<br \/>\nEnergi i Kcal 190 kcal<br \/>\nFedt 1,2 g<br \/>\n&#8211; heraf m\u00e6ttede fedt 0,2 g<br \/>\nKulhydrater 36 g<br \/>\n&#8211; heraf sukkerarter 2,8 g<br \/>\nProtein 5,1 g<br \/>\nSalt 1,7 g<br \/>\nKostfibre 7,6 g<br \/>\nVandindhold 48 g<\/p>\n","protected":false},"excerpt":{"rendered":"<p>RUGMEL, vand, halvsigtet RUGMEL, maltekstrakt (vand, BYGMALT, ristet BYGMALT), salt tilsat jod, \u00f8kologisk honning, g\u00e6r, BYGMALTMEL Energi 797 KJ Energi i Kcal 190 kcal Fedt 1,2 g &#8211; heraf m\u00e6ttede fedt 0,2 g Kulhydrater 36 g &#8211; heraf sukkerarter 2,8 g Protein 5,1 g Salt 1,7 g Kostfibre 7,6 g Vandindhold 48 g<\/p>\n","protected":false},"featured_media":6450,"comment_status":"open","ping_status":"closed","template":"","meta":[],"product_brand":[],"product_cat":[17],"product_tag":[],"class_list":{"0":"post-153","1":"product","2":"type-product","3":"status-publish","4":"has-post-thumbnail","6":"product_cat-rugbroed","7":"pa_variant-i-skiver","8":"pa_variant-ikke-i-skiver","10":"first","11":"instock","12":"purchasable","13":"product-type-variable"},"_links":{"self":[{"href":"https:\/\/shop.wendorff.dk\/index.php\/wp-json\/wp\/v2\/product\/153","targetHints":{"allow":["GET"]}}],"collection":[{"href":"https:\/\/shop.wendorff.dk\/index.php\/wp-json\/wp\/v2\/product"}],"about":[{"href":"https:\/\/shop.wendorff.dk\/index.php\/wp-json\/wp\/v2\/types\/product"}],"replies":[{"embeddable":true,"href":"https:\/\/shop.wendorff.dk\/index.php\/wp-json\/wp\/v2\/comments?post=153"}],"wp:featuredmedia":[{"embeddable":true,"href":"https:\/\/shop.wendorff.dk\/index.php\/wp-json\/wp\/v2\/media\/6450"}],"wp:attachment":[{"href":"https:\/\/shop.wendorff.dk\/index.php\/wp-json\/wp\/v2\/media?parent=153"}],"wp:term":[{"taxonomy":"product_brand","embeddable":true,"href":"https:\/\/shop.wendorff.dk\/index.php\/wp-json\/wp\/v2\/product_brand?post=153"},{"taxonomy":"product_cat","embeddable":true,"href":"https:\/\/shop.wendorff.dk\/index.php\/wp-json\/wp\/v2\/product_cat?post=153"},{"taxonomy":"product_tag","embeddable":true,"href":"https:\/\/shop.wendorff.dk\/index.php\/wp-json\/wp\/v2\/product_tag?post=153"}],"curies":[{"name":"wp","href":"https:\/\/api.w.org\/{rel}","templated":true}]}}