{"id":161,"date":"2020-03-19T15:08:39","date_gmt":"2020-03-19T14:08:39","guid":{"rendered":"http:\/\/shop.wendorff.dk\/?post_type=product&#038;p=161"},"modified":"2026-03-20T09:52:25","modified_gmt":"2026-03-20T08:52:25","slug":"soenderjysk-rugbroed","status":"publish","type":"product","link":"https:\/\/shop.wendorff.dk\/index.php\/vare\/soenderjysk-rugbroed\/","title":{"rendered":"S\u00f8nderjysk rugbr\u00f8d"},"content":{"rendered":"<p>RUGMEL, vand, HVEDEMEL, maltekstrakt (BYGMALT, vand), salt tilsat jod, \u00f8kologisk maltekstrakt (\u00f8kologisk BYGMALT, vand), \u00f8kologisk RUGKERNER, RUGKERNER, \u00f8kologisk RUGMEL, halvsigtet RUGMEL, maltekstrakt (vand, BYGMALT, ristet BYGMALT), chiafr\u00f8, BYGMALTMEL, maltekstrakt (BYG), HVEDEMALTMEL, valsede RUGKERNER, \u00f8kologisk honning, g\u00e6r, HAVREKLID, solsikkekerner, \u00f8kologisk SESAMFR\u00d8, \u00f8kologisk g\u00e6r, melbehandlingsmiddel: E300<\/p>\n<p>Energi 822 KJ<br \/>\nEnergi i Kcal 196 kcal<br \/>\nFedt 1,2 g<br \/>\n&#8211; heraf m\u00e6ttede fedt 0,2 g<br \/>\nKulhydrater 37 g<br \/>\n&#8211; heraf sukkerarter 2,2 g<br \/>\nProtein 5,7 g<br \/>\nSalt 1,7 g<br \/>\nKostfibre 6,8 g<br \/>\nVandindhold 46 g<\/p>\n","protected":false},"excerpt":{"rendered":"<p>RUGMEL, vand, HVEDEMEL, maltekstrakt (BYGMALT, vand), salt tilsat jod, \u00f8kologisk maltekstrakt (\u00f8kologisk BYGMALT, vand), \u00f8kologisk RUGKERNER, RUGKERNER, \u00f8kologisk RUGMEL, halvsigtet RUGMEL, maltekstrakt (vand, BYGMALT, ristet BYGMALT), chiafr\u00f8, BYGMALTMEL, maltekstrakt (BYG), HVEDEMALTMEL, valsede RUGKERNER, \u00f8kologisk honning, g\u00e6r, HAVREKLID, solsikkekerner, \u00f8kologisk SESAMFR\u00d8, \u00f8kologisk g\u00e6r, melbehandlingsmiddel: E300 Energi 822 KJ Energi i Kcal 196 kcal Fedt 1,2 g [&hellip;]<\/p>\n","protected":false},"featured_media":162,"comment_status":"open","ping_status":"closed","template":"","meta":[],"product_brand":[],"product_cat":[17],"product_tag":[],"class_list":{"0":"post-161","1":"product","2":"type-product","3":"status-publish","4":"has-post-thumbnail","6":"product_cat-rugbroed","7":"pa_variant-i-skiver","8":"pa_variant-ikke-i-skiver","10":"first","11":"instock","12":"purchasable","13":"product-type-variable"},"_links":{"self":[{"href":"https:\/\/shop.wendorff.dk\/index.php\/wp-json\/wp\/v2\/product\/161","targetHints":{"allow":["GET"]}}],"collection":[{"href":"https:\/\/shop.wendorff.dk\/index.php\/wp-json\/wp\/v2\/product"}],"about":[{"href":"https:\/\/shop.wendorff.dk\/index.php\/wp-json\/wp\/v2\/types\/product"}],"replies":[{"embeddable":true,"href":"https:\/\/shop.wendorff.dk\/index.php\/wp-json\/wp\/v2\/comments?post=161"}],"wp:featuredmedia":[{"embeddable":true,"href":"https:\/\/shop.wendorff.dk\/index.php\/wp-json\/wp\/v2\/media\/162"}],"wp:attachment":[{"href":"https:\/\/shop.wendorff.dk\/index.php\/wp-json\/wp\/v2\/media?parent=161"}],"wp:term":[{"taxonomy":"product_brand","embeddable":true,"href":"https:\/\/shop.wendorff.dk\/index.php\/wp-json\/wp\/v2\/product_brand?post=161"},{"taxonomy":"product_cat","embeddable":true,"href":"https:\/\/shop.wendorff.dk\/index.php\/wp-json\/wp\/v2\/product_cat?post=161"},{"taxonomy":"product_tag","embeddable":true,"href":"https:\/\/shop.wendorff.dk\/index.php\/wp-json\/wp\/v2\/product_tag?post=161"}],"curies":[{"name":"wp","href":"https:\/\/api.w.org\/{rel}","templated":true}]}}