{"id":169,"date":"2020-03-19T15:19:03","date_gmt":"2020-03-19T14:19:03","guid":{"rendered":"http:\/\/shop.wendorff.dk\/?post_type=product&#038;p=169"},"modified":"2026-03-20T09:48:18","modified_gmt":"2026-03-20T08:48:18","slug":"colorado-broed","status":"publish","type":"product","link":"https:\/\/shop.wendorff.dk\/index.php\/vare\/colorado-broed\/","title":{"rendered":"Colorado br\u00f8d"},"content":{"rendered":"<p>HVEDEMEL, vand, kartoffel (6,5%), FULDKORNSHVEDEMEL, HAVREFLAGER, ekstruderet majs, halvsigtet RUGMEL, solsikkekerner, gr\u00e6skarkerner, SESAMFR\u00d8, h\u00f8rfr\u00f8, salt tilsat jod, g\u00e6r, rapsolie, HVEDEGLUTEN, emulgator: E472e, HVEDEMALTMEL, melbehandlingsmiddel: E300, antioxidant: E392, BYGMALTMEL<\/p>\n<p>Energi 1101 KJ<br \/>\nEnergi i Kcal 263 kcal<br \/>\nFedt 5,3 g<br \/>\n&#8211; heraf m\u00e6ttede fedt 0,8 g<br \/>\nKulhydrater 42 g<br \/>\n&#8211; heraf sukkerarter 0,7 g<br \/>\nProtein 9,1 g<br \/>\nSalt 1,5 g<br \/>\nKostfibre 3,9 g<br \/>\nVandindhold 37 g<\/p>\n","protected":false},"excerpt":{"rendered":"<p>HVEDEMEL, vand, kartoffel (6,5%), FULDKORNSHVEDEMEL, HAVREFLAGER, ekstruderet majs, halvsigtet RUGMEL, solsikkekerner, gr\u00e6skarkerner, SESAMFR\u00d8, h\u00f8rfr\u00f8, salt tilsat jod, g\u00e6r, rapsolie, HVEDEGLUTEN, emulgator: E472e, HVEDEMALTMEL, melbehandlingsmiddel: E300, antioxidant: E392, BYGMALTMEL Energi 1101 KJ Energi i Kcal 263 kcal Fedt 5,3 g &#8211; heraf m\u00e6ttede fedt 0,8 g Kulhydrater 42 g &#8211; heraf sukkerarter 0,7 g Protein 9,1 [&hellip;]<\/p>\n","protected":false},"featured_media":308,"comment_status":"open","ping_status":"closed","template":"","meta":[],"product_brand":[],"product_cat":[22],"product_tag":[],"class_list":{"0":"post-169","1":"product","2":"type-product","3":"status-publish","4":"has-post-thumbnail","6":"product_cat-madbroed","8":"first","9":"instock","10":"purchasable","11":"product-type-simple"},"_links":{"self":[{"href":"https:\/\/shop.wendorff.dk\/index.php\/wp-json\/wp\/v2\/product\/169","targetHints":{"allow":["GET"]}}],"collection":[{"href":"https:\/\/shop.wendorff.dk\/index.php\/wp-json\/wp\/v2\/product"}],"about":[{"href":"https:\/\/shop.wendorff.dk\/index.php\/wp-json\/wp\/v2\/types\/product"}],"replies":[{"embeddable":true,"href":"https:\/\/shop.wendorff.dk\/index.php\/wp-json\/wp\/v2\/comments?post=169"}],"wp:featuredmedia":[{"embeddable":true,"href":"https:\/\/shop.wendorff.dk\/index.php\/wp-json\/wp\/v2\/media\/308"}],"wp:attachment":[{"href":"https:\/\/shop.wendorff.dk\/index.php\/wp-json\/wp\/v2\/media?parent=169"}],"wp:term":[{"taxonomy":"product_brand","embeddable":true,"href":"https:\/\/shop.wendorff.dk\/index.php\/wp-json\/wp\/v2\/product_brand?post=169"},{"taxonomy":"product_cat","embeddable":true,"href":"https:\/\/shop.wendorff.dk\/index.php\/wp-json\/wp\/v2\/product_cat?post=169"},{"taxonomy":"product_tag","embeddable":true,"href":"https:\/\/shop.wendorff.dk\/index.php\/wp-json\/wp\/v2\/product_tag?post=169"}],"curies":[{"name":"wp","href":"https:\/\/api.w.org\/{rel}","templated":true}]}}