{"id":171,"date":"2020-03-19T15:19:51","date_gmt":"2020-03-19T14:19:51","guid":{"rendered":"http:\/\/shop.wendorff.dk\/?post_type=product&#038;p=171"},"modified":"2026-03-20T09:48:13","modified_gmt":"2026-03-20T08:48:13","slug":"hjemmebagt-franskbroed","status":"publish","type":"product","link":"https:\/\/shop.wendorff.dk\/index.php\/vare\/hjemmebagt-franskbroed\/","title":{"rendered":"Hjemmebagt franskbr\u00f8d"},"content":{"rendered":"<p>HVEDEMEL, vand, halvsigtet RUGMEL, salt tilsat jod, g\u00e6r, K\u00c6RNEM\u00c6LK, vegetabilsk olie (palme), \u00f8kologisk bl\u00e5 birkes (0,6%), HVEDEGLUTEN, sukker, emulgator: (E472e, E471), HVEDEMALTMEL, rapsolie, melbehandlingsmiddel: E300, dextrose, aroma, farvestof: E160a, enzymer (HVEDE), BYGMALTMEL<\/p>\n<p>Energi 1035 KJ<br \/>\nEnergi i Kcal 246 kcal<br \/>\nFedt 2,2 g<br \/>\n&#8211; heraf m\u00e6ttede fedt 0,7 g<br \/>\nKulhydrater 46 g<br \/>\n&#8211; heraf sukkerarter 1,0 g<br \/>\nProtein 8,6 g<br \/>\nSalt 1,6 g<br \/>\nKostfibre 2,8 g<br \/>\nVandindhold 38 g<\/p>\n","protected":false},"excerpt":{"rendered":"<p>HVEDEMEL, vand, halvsigtet RUGMEL, salt tilsat jod, g\u00e6r, K\u00c6RNEM\u00c6LK, vegetabilsk olie (palme), \u00f8kologisk bl\u00e5 birkes (0,6%), HVEDEGLUTEN, sukker, emulgator: (E472e, E471), HVEDEMALTMEL, rapsolie, melbehandlingsmiddel: E300, dextrose, aroma, farvestof: E160a, enzymer (HVEDE), BYGMALTMEL Energi 1035 KJ Energi i Kcal 246 kcal Fedt 2,2 g &#8211; heraf m\u00e6ttede fedt 0,7 g Kulhydrater 46 g &#8211; heraf sukkerarter [&hellip;]<\/p>\n","protected":false},"featured_media":172,"comment_status":"open","ping_status":"closed","template":"","meta":[],"product_brand":[],"product_cat":[22],"product_tag":[],"class_list":{"0":"post-171","1":"product","2":"type-product","3":"status-publish","4":"has-post-thumbnail","6":"product_cat-madbroed","8":"first","9":"instock","10":"purchasable","11":"product-type-simple"},"_links":{"self":[{"href":"https:\/\/shop.wendorff.dk\/index.php\/wp-json\/wp\/v2\/product\/171","targetHints":{"allow":["GET"]}}],"collection":[{"href":"https:\/\/shop.wendorff.dk\/index.php\/wp-json\/wp\/v2\/product"}],"about":[{"href":"https:\/\/shop.wendorff.dk\/index.php\/wp-json\/wp\/v2\/types\/product"}],"replies":[{"embeddable":true,"href":"https:\/\/shop.wendorff.dk\/index.php\/wp-json\/wp\/v2\/comments?post=171"}],"wp:featuredmedia":[{"embeddable":true,"href":"https:\/\/shop.wendorff.dk\/index.php\/wp-json\/wp\/v2\/media\/172"}],"wp:attachment":[{"href":"https:\/\/shop.wendorff.dk\/index.php\/wp-json\/wp\/v2\/media?parent=171"}],"wp:term":[{"taxonomy":"product_brand","embeddable":true,"href":"https:\/\/shop.wendorff.dk\/index.php\/wp-json\/wp\/v2\/product_brand?post=171"},{"taxonomy":"product_cat","embeddable":true,"href":"https:\/\/shop.wendorff.dk\/index.php\/wp-json\/wp\/v2\/product_cat?post=171"},{"taxonomy":"product_tag","embeddable":true,"href":"https:\/\/shop.wendorff.dk\/index.php\/wp-json\/wp\/v2\/product_tag?post=171"}],"curies":[{"name":"wp","href":"https:\/\/api.w.org\/{rel}","templated":true}]}}