{"id":378,"date":"2020-04-07T12:27:33","date_gmt":"2020-04-07T10:27:33","guid":{"rendered":"http:\/\/shop.wendorff.dk\/?post_type=product&#038;p=378"},"modified":"2026-03-20T09:45:35","modified_gmt":"2026-03-20T08:45:35","slug":"kagemand-20-25-pers","status":"publish","type":"product","link":"https:\/\/shop.wendorff.dk\/index.php\/vare\/kagemand-20-25-pers\/","title":{"rendered":"Kagemand 20-25 pers."},"content":{"rendered":"<p>HVEDEMEL, sm\u00f8r (M\u00c6LK) (16,9%), \u00f8kologisk \u00c6G (9,6%), vand, LETM\u00c6LK, sukker, g\u00e6r, brun farin (sukker, r\u00f8rsukkersirup), salt, sirup (sukker sirup, salt), surhedsregulerende middel: (E270, E263), HVEDEMALTMEL, modificeret stivelse (kartoffel): E1414, t\u00f8rret Glukosesirup, helt h\u00e6rdet kokosolie, dextrose, VALLEPULVER (M\u00c6LK), helt h\u00e6rdet palmekerneolie , emulgator: (E472a, E471), melbehandlingsmiddel: E300, M\u00c6LKEPROTEIN, geleringsmiddel: E401, konsistensmiddel: E516, stabilisator: E450, farvestof: E160a, aroma<\/p>\n<p>Energi 1424 KJ<br \/>\nEnergi i Kcal 341 kcal<br \/>\nFedt 15 g<br \/>\n&#8211; heraf m\u00e6ttede fedt 10 g<br \/>\nKulhydrater 41 g<br \/>\n&#8211; heraf sukkerarter 5,6 g<br \/>\nProtein 8,0 g<br \/>\nSalt 0,61 g<br \/>\nKostfibre 2,0 g<br \/>\nVandindhold 33 g<\/p>\n","protected":false},"excerpt":{"rendered":"<p>inkl. slik, flag og tekst p\u00e5 marcipanskilt.<\/p>\n<p>Venligst skrive teksten i kommentarfeltet ved betalingen<\/p>\n","protected":false},"featured_media":379,"comment_status":"open","ping_status":"closed","template":"","meta":[],"product_brand":[],"product_cat":[21],"product_tag":[],"class_list":{"0":"post-378","1":"product","2":"type-product","3":"status-publish","4":"has-post-thumbnail","6":"product_cat-wienerbroed","8":"first","9":"instock","10":"purchasable","11":"product-type-simple"},"_links":{"self":[{"href":"https:\/\/shop.wendorff.dk\/index.php\/wp-json\/wp\/v2\/product\/378","targetHints":{"allow":["GET"]}}],"collection":[{"href":"https:\/\/shop.wendorff.dk\/index.php\/wp-json\/wp\/v2\/product"}],"about":[{"href":"https:\/\/shop.wendorff.dk\/index.php\/wp-json\/wp\/v2\/types\/product"}],"replies":[{"embeddable":true,"href":"https:\/\/shop.wendorff.dk\/index.php\/wp-json\/wp\/v2\/comments?post=378"}],"wp:featuredmedia":[{"embeddable":true,"href":"https:\/\/shop.wendorff.dk\/index.php\/wp-json\/wp\/v2\/media\/379"}],"wp:attachment":[{"href":"https:\/\/shop.wendorff.dk\/index.php\/wp-json\/wp\/v2\/media?parent=378"}],"wp:term":[{"taxonomy":"product_brand","embeddable":true,"href":"https:\/\/shop.wendorff.dk\/index.php\/wp-json\/wp\/v2\/product_brand?post=378"},{"taxonomy":"product_cat","embeddable":true,"href":"https:\/\/shop.wendorff.dk\/index.php\/wp-json\/wp\/v2\/product_cat?post=378"},{"taxonomy":"product_tag","embeddable":true,"href":"https:\/\/shop.wendorff.dk\/index.php\/wp-json\/wp\/v2\/product_tag?post=378"}],"curies":[{"name":"wp","href":"https:\/\/api.w.org\/{rel}","templated":true}]}}