{"id":5941,"date":"2023-08-17T13:59:55","date_gmt":"2023-08-17T11:59:55","guid":{"rendered":"https:\/\/shop.wendorff.dk\/?post_type=product&#038;p=5941"},"modified":"2026-03-20T09:44:46","modified_gmt":"2026-03-20T08:44:46","slug":"smoersnegl-m-chokolade","status":"publish","type":"product","link":"https:\/\/shop.wendorff.dk\/index.php\/vare\/smoersnegl-m-chokolade\/","title":{"rendered":"Sm\u00f8rsnegl m. chokolade"},"content":{"rendered":"<p>Fransk hvedemel (HVEDEMEL, HVEDEGLUTEN, melbehandlingsmiddel: E300, enzymer (HVEDE)), sukker, \u00f8kologisk \u00c6G (9,5%), sm\u00f8r (M\u00c6LK) (9,5%), palmeolie, kakaomasse, rapsolie, MANDLER (2,3%), vand, kakaosm\u00f8r, salt tilsat jod, fyldemiddel: E1200, oligofructose, g\u00e6r, s\u00f8destof: (E968, E955), salt, surhedsregulerende middel: E270, naturlig Vaniljearoma, emulgator: E322 (SOJA), konserveringsmiddel: E202, aroma, vitamin A<\/p>\n<p>Energi 1748 KJ<br \/>\nEnergi i Kcal 418 kcal<br \/>\nFedt 22 g<br \/>\n&#8211; heraf m\u00e6ttede fedt 11 g<br \/>\nKulhydrater 46 g<br \/>\n&#8211; heraf sukkerarter 14 g<br \/>\nProtein 7,2 g<br \/>\nSalt 1,2 g<br \/>\nKostfibre 3,8 g<br \/>\nVandindhold 12 g<\/p>\n","protected":false},"excerpt":{"rendered":"<p>Fransk hvedemel (HVEDEMEL, HVEDEGLUTEN, melbehandlingsmiddel: E300, enzymer (HVEDE)), sukker, \u00f8kologisk \u00c6G (9,5%), sm\u00f8r (M\u00c6LK) (9,5%), palmeolie, kakaomasse, rapsolie, MANDLER (2,3%), vand, kakaosm\u00f8r, salt tilsat jod, fyldemiddel: E1200, oligofructose, g\u00e6r, s\u00f8destof: (E968, E955), salt, surhedsregulerende middel: E270, naturlig Vaniljearoma, emulgator: E322 (SOJA), konserveringsmiddel: E202, aroma, vitamin A Energi 1748 KJ Energi i Kcal 418 kcal Fedt [&hellip;]<\/p>\n","protected":false},"featured_media":6289,"comment_status":"open","ping_status":"closed","template":"","meta":[],"product_brand":[],"product_cat":[21],"product_tag":[],"class_list":{"0":"post-5941","1":"product","2":"type-product","3":"status-publish","4":"has-post-thumbnail","6":"product_cat-wienerbroed","8":"first","9":"instock","10":"purchasable","11":"product-type-simple"},"_links":{"self":[{"href":"https:\/\/shop.wendorff.dk\/index.php\/wp-json\/wp\/v2\/product\/5941","targetHints":{"allow":["GET"]}}],"collection":[{"href":"https:\/\/shop.wendorff.dk\/index.php\/wp-json\/wp\/v2\/product"}],"about":[{"href":"https:\/\/shop.wendorff.dk\/index.php\/wp-json\/wp\/v2\/types\/product"}],"replies":[{"embeddable":true,"href":"https:\/\/shop.wendorff.dk\/index.php\/wp-json\/wp\/v2\/comments?post=5941"}],"wp:featuredmedia":[{"embeddable":true,"href":"https:\/\/shop.wendorff.dk\/index.php\/wp-json\/wp\/v2\/media\/6289"}],"wp:attachment":[{"href":"https:\/\/shop.wendorff.dk\/index.php\/wp-json\/wp\/v2\/media?parent=5941"}],"wp:term":[{"taxonomy":"product_brand","embeddable":true,"href":"https:\/\/shop.wendorff.dk\/index.php\/wp-json\/wp\/v2\/product_brand?post=5941"},{"taxonomy":"product_cat","embeddable":true,"href":"https:\/\/shop.wendorff.dk\/index.php\/wp-json\/wp\/v2\/product_cat?post=5941"},{"taxonomy":"product_tag","embeddable":true,"href":"https:\/\/shop.wendorff.dk\/index.php\/wp-json\/wp\/v2\/product_tag?post=5941"}],"curies":[{"name":"wp","href":"https:\/\/api.w.org\/{rel}","templated":true}]}}