{"id":6343,"date":"2024-05-14T14:04:39","date_gmt":"2024-05-14T12:04:39","guid":{"rendered":"https:\/\/shop.wendorff.dk\/?post_type=product&#038;p=6343"},"modified":"2026-03-26T13:05:33","modified_gmt":"2026-03-26T12:05:33","slug":"kornlykke-broed-uden-mel","status":"publish","type":"product","link":"https:\/\/shop.wendorff.dk\/index.php\/vare\/kornlykke-broed-uden-mel\/","title":{"rendered":"Kornlykke br\u00f8d uden mel"},"content":{"rendered":"<p>Vand, glutenfri HAVREGRYN, solsikkekerner, gr\u00e6skarkerner, h\u00f8rfr\u00f8, \u00f8kologisk quinoa, rapsolie, psyllium fr\u00f8skal, \u00f8kologisk honning, salt tilsat jod, antiklumpningsmiddel: E535<\/p>\n<p>Energi 913 KJ<br \/>\nEnergi i Kcal 218 kcal<br \/>\nFedt 14 g<br \/>\n&#8211; heraf m\u00e6ttede fedt 1,8 g<br \/>\nKulhydrater 13 g<br \/>\n&#8211; heraf sukkerarter 1,7 g<br \/>\nProtein 7,6 g<br \/>\nSalt 0,95 g<br \/>\nKostfibre 6,1 g<br \/>\nVandindhold 57 g<\/p>\n<p>&nbsp;<\/p>\n<p>&nbsp;<\/p>\n<p>&nbsp;<\/p>\n","protected":false},"excerpt":{"rendered":"<p>Vand, glutenfri HAVREGRYN, solsikkekerner, gr\u00e6skarkerner, h\u00f8rfr\u00f8, \u00f8kologisk quinoa, rapsolie, psyllium fr\u00f8skal, \u00f8kologisk honning, salt tilsat jod, antiklumpningsmiddel: E535 Energi 913 KJ Energi i Kcal 218 kcal Fedt 14 g &#8211; heraf m\u00e6ttede fedt 1,8 g Kulhydrater 13 g &#8211; heraf sukkerarter 1,7 g Protein 7,6 g Salt 0,95 g Kostfibre 6,1 g Vandindhold 57 g [&hellip;]<\/p>\n","protected":false},"featured_media":6344,"comment_status":"open","ping_status":"closed","template":"","meta":[],"product_brand":[],"product_cat":[27],"product_tag":[],"class_list":{"0":"post-6343","1":"product","2":"type-product","3":"status-publish","4":"has-post-thumbnail","6":"product_cat-udenmel","8":"first","9":"instock","10":"purchasable","11":"product-type-simple"},"_links":{"self":[{"href":"https:\/\/shop.wendorff.dk\/index.php\/wp-json\/wp\/v2\/product\/6343","targetHints":{"allow":["GET"]}}],"collection":[{"href":"https:\/\/shop.wendorff.dk\/index.php\/wp-json\/wp\/v2\/product"}],"about":[{"href":"https:\/\/shop.wendorff.dk\/index.php\/wp-json\/wp\/v2\/types\/product"}],"replies":[{"embeddable":true,"href":"https:\/\/shop.wendorff.dk\/index.php\/wp-json\/wp\/v2\/comments?post=6343"}],"wp:featuredmedia":[{"embeddable":true,"href":"https:\/\/shop.wendorff.dk\/index.php\/wp-json\/wp\/v2\/media\/6344"}],"wp:attachment":[{"href":"https:\/\/shop.wendorff.dk\/index.php\/wp-json\/wp\/v2\/media?parent=6343"}],"wp:term":[{"taxonomy":"product_brand","embeddable":true,"href":"https:\/\/shop.wendorff.dk\/index.php\/wp-json\/wp\/v2\/product_brand?post=6343"},{"taxonomy":"product_cat","embeddable":true,"href":"https:\/\/shop.wendorff.dk\/index.php\/wp-json\/wp\/v2\/product_cat?post=6343"},{"taxonomy":"product_tag","embeddable":true,"href":"https:\/\/shop.wendorff.dk\/index.php\/wp-json\/wp\/v2\/product_tag?post=6343"}],"curies":[{"name":"wp","href":"https:\/\/api.w.org\/{rel}","templated":true}]}}